{"id":12,"date":"2016-09-19T16:55:29","date_gmt":"2016-09-19T14:55:29","guid":{"rendered":"http:\/\/192.168.1.70:8000\/?page_id=12"},"modified":"2019-11-05T17:52:12","modified_gmt":"2019-11-05T16:52:12","slug":"contatti","status":"publish","type":"page","link":"https:\/\/www.reol-services.it\/site\/contatti","title":{"rendered":"Contatti"},"content":{"rendered":"<p style=\"text-align: center;\">Il supporto telefonico \u00e8 attivo dalle <strong>9:00<\/strong> alle <strong>13:00<\/strong> e dalle <strong>14:30<\/strong> alle <strong>18:30<\/strong>,<br \/>\ndal <strong>Luned\u00ec<\/strong> al <strong>Venerd\u00ec<\/strong><\/p>\n<p style=\"text-align: center;\">Se non fossimo raggiungibili sul numero principale ci puoi contattare anche ai seguenti numeri:\u00a0<strong>0584-65.34.08<\/strong> e <strong>0584.17.16.600<\/strong><\/p>\n","protected":false},"excerpt":{"rendered":"<p>Il supporto telefonico \u00e8 attivo dalle 9:00 alle 13:00 e dalle 14:30 alle 18:30, dal Luned\u00ec al Venerd\u00ec Se non fossimo raggiungibili sul numero principale ci puoi contattare anche ai seguenti numeri:\u00a00584-65.34.08 e 0584.17.16.600<\/p>\n","protected":false},"author":1,"featured_media":224,"parent":0,"menu_order":0,"comment_status":"closed","ping_status":"closed","template":"template-contatti.php","meta":[],"acf":[],"yoast_head":"<!-- This site is optimized with the Yoast SEO plugin v20.10 - https:\/\/yoast.com\/wordpress\/plugins\/seo\/ -->\n<title>Contatti - REOL Services<\/title>\n<meta name=\"robots\" content=\"index, follow, max-snippet:-1, max-image-preview:large, max-video-preview:-1\" \/>\n<link rel=\"canonical\" href=\"https:\/\/www.reol-services.it\" \/>\n<meta property=\"og:locale\" content=\"it_IT\" \/>\n<meta property=\"og:type\" content=\"article\" \/>\n<meta property=\"og:title\" content=\"Contatti - REOL Services\" \/>\n<meta property=\"og:description\" content=\"Il supporto telefonico \u00e8 attivo dalle 9:00 alle 13:00 e dalle 14:30 alle 18:30, dal Luned\u00ec al Venerd\u00ec Se non fossimo raggiungibili sul numero principale ci puoi contattare anche ai seguenti numeri:\u00a00584-65.34.08 e 0584.17.16.600\" \/>\n<meta property=\"og:url\" content=\"https:\/\/www.reol-services.it\" \/>\n<meta property=\"og:site_name\" content=\"REOL Services\" \/>\n<meta property=\"article:publisher\" content=\"https:\/\/www.facebook.com\/reolservicesit\/\" \/>\n<meta property=\"article:modified_time\" content=\"2019-11-05T16:52:12+00:00\" \/>\n<meta property=\"og:image\" content=\"https:\/\/www.reol-services.it\/site\/wp-content\/uploads\/2017\/02\/reolservices-banner.jpg\" \/>\n<meta name=\"twitter:card\" content=\"summary_large_image\" \/>\n<meta name=\"twitter:site\" content=\"@reolservicesit\" \/>\n<script type=\"application\/ld+json\" class=\"yoast-schema-graph\">{\"@context\":\"https:\/\/schema.org\",\"@graph\":[{\"@type\":\"WebPage\",\"@id\":\"https:\/\/www.reol-services.it\/site\/contatti\",\"url\":\"https:\/\/www.reol-services.it\",\"name\":\"Contatti - REOL Services\",\"isPartOf\":{\"@id\":\"https:\/\/www.reol-services.it\/site\/#website\"},\"datePublished\":\"2016-09-19T14:55:29+00:00\",\"dateModified\":\"2019-11-05T16:52:12+00:00\",\"breadcrumb\":{\"@id\":\"https:\/\/www.reol-services.it#breadcrumb\"},\"inLanguage\":\"it-IT\",\"potentialAction\":[{\"@type\":\"ReadAction\",\"target\":[\"https:\/\/www.reol-services.it\"]}]},{\"@type\":\"BreadcrumbList\",\"@id\":\"https:\/\/www.reol-services.it#breadcrumb\",\"itemListElement\":[{\"@type\":\"ListItem\",\"position\":1,\"name\":\"Home\",\"item\":\"https:\/\/www.reol-services.it\/site\/\"},{\"@type\":\"ListItem\",\"position\":2,\"name\":\"Contatti\"}]},{\"@type\":\"WebSite\",\"@id\":\"https:\/\/www.reol-services.it\/site\/#website\",\"url\":\"https:\/\/www.reol-services.it\/site\/\",\"name\":\"REOL Services\",\"description\":\"Il portale dei servizi OnLine per Agenti Immobiliari\",\"potentialAction\":[{\"@type\":\"SearchAction\",\"target\":{\"@type\":\"EntryPoint\",\"urlTemplate\":\"https:\/\/www.reol-services.it\/site\/?s={search_term_string}\"},\"query-input\":\"required name=search_term_string\"}],\"inLanguage\":\"it-IT\"}]}<\/script>\n<!-- \/ Yoast SEO plugin. -->","yoast_head_json":{"title":"Contatti - REOL Services","robots":{"index":"index","follow":"follow","max-snippet":"max-snippet:-1","max-image-preview":"max-image-preview:large","max-video-preview":"max-video-preview:-1"},"canonical":"https:\/\/www.reol-services.it","og_locale":"it_IT","og_type":"article","og_title":"Contatti - REOL Services","og_description":"Il supporto telefonico \u00e8 attivo dalle 9:00 alle 13:00 e dalle 14:30 alle 18:30, dal Luned\u00ec al Venerd\u00ec Se non fossimo raggiungibili sul numero principale ci puoi contattare anche ai seguenti numeri:\u00a00584-65.34.08 e 0584.17.16.600","og_url":"https:\/\/www.reol-services.it","og_site_name":"REOL Services","article_publisher":"https:\/\/www.facebook.com\/reolservicesit\/","article_modified_time":"2019-11-05T16:52:12+00:00","og_image":[{"url":"https:\/\/www.reol-services.it\/site\/wp-content\/uploads\/2017\/02\/reolservices-banner.jpg"}],"twitter_card":"summary_large_image","twitter_site":"@reolservicesit","schema":{"@context":"https:\/\/schema.org","@graph":[{"@type":"WebPage","@id":"https:\/\/www.reol-services.it\/site\/contatti","url":"https:\/\/www.reol-services.it","name":"Contatti - REOL Services","isPartOf":{"@id":"https:\/\/www.reol-services.it\/site\/#website"},"datePublished":"2016-09-19T14:55:29+00:00","dateModified":"2019-11-05T16:52:12+00:00","breadcrumb":{"@id":"https:\/\/www.reol-services.it#breadcrumb"},"inLanguage":"it-IT","potentialAction":[{"@type":"ReadAction","target":["https:\/\/www.reol-services.it"]}]},{"@type":"BreadcrumbList","@id":"https:\/\/www.reol-services.it#breadcrumb","itemListElement":[{"@type":"ListItem","position":1,"name":"Home","item":"https:\/\/www.reol-services.it\/site\/"},{"@type":"ListItem","position":2,"name":"Contatti"}]},{"@type":"WebSite","@id":"https:\/\/www.reol-services.it\/site\/#website","url":"https:\/\/www.reol-services.it\/site\/","name":"REOL Services","description":"Il portale dei servizi OnLine per Agenti Immobiliari","potentialAction":[{"@type":"SearchAction","target":{"@type":"EntryPoint","urlTemplate":"https:\/\/www.reol-services.it\/site\/?s={search_term_string}"},"query-input":"required name=search_term_string"}],"inLanguage":"it-IT"}]}},"_links":{"self":[{"href":"https:\/\/www.reol-services.it\/site\/wp-json\/wp\/v2\/pages\/12"}],"collection":[{"href":"https:\/\/www.reol-services.it\/site\/wp-json\/wp\/v2\/pages"}],"about":[{"href":"https:\/\/www.reol-services.it\/site\/wp-json\/wp\/v2\/types\/page"}],"author":[{"embeddable":true,"href":"https:\/\/www.reol-services.it\/site\/wp-json\/wp\/v2\/users\/1"}],"replies":[{"embeddable":true,"href":"https:\/\/www.reol-services.it\/site\/wp-json\/wp\/v2\/comments?post=12"}],"version-history":[{"count":8,"href":"https:\/\/www.reol-services.it\/site\/wp-json\/wp\/v2\/pages\/12\/revisions"}],"predecessor-version":[{"id":617,"href":"https:\/\/www.reol-services.it\/site\/wp-json\/wp\/v2\/pages\/12\/revisions\/617"}],"wp:featuredmedia":[{"embeddable":true,"href":"https:\/\/www.reol-services.it\/site\/wp-json\/wp\/v2\/media\/224"}],"wp:attachment":[{"href":"https:\/\/www.reol-services.it\/site\/wp-json\/wp\/v2\/media?parent=12"}],"curies":[{"name":"wp","href":"https:\/\/api.w.org\/{rel}","templated":true}]}}